ctors of 1649750066?
2, 127, 6495079
What are the prime factors of 1090525372?
2, 272631343
What are the prime factors of 32168148?
2, 3, 17, 137, 1151
What are the prime factors of 473311562?
2, 277, 854353
What are the prime factors of 2678081222?
2, 23, 1117, 52121
List the prime factors of 2851376.
2, 11, 17, 953
What are the prime factors of 531292881?
3, 7, 25299661
What are the prime factors of 61311042?
2, 3, 13, 479, 547
List the prime factors of 281550165.
3, 5, 13, 89, 16223
List the prime factors of 149994182.
2, 13, 31, 186097
What are the prime factors of 446567881?
587, 751, 1013
What are the prime factors of 1137734169?
3, 11, 13, 23, 67, 1721
List the prime factors of 60360719.
60360719
What are the prime factors of 1033891120?
2, 5, 443, 29173
What are the prime factors of 12495880?
2, 5, 312397
List the prime factors of 9264450953.
83, 111619891
What are the prime factors of 137909965?
5, 27581993
What are the prime factors of 1218133820?
2, 5, 23, 883, 2999
List the prime factors of 4000423476.
2, 3, 7, 17, 19, 283, 521
List the prime factors of 4624379072.
2, 107, 353, 1913
What are the prime factors of 1323820349?
1323820349
What are the prime factors of 816278330?
2, 5, 7, 11661119
What are the prime factors of 785816505?
3, 5, 23, 253081
List the prime factors of 3122809045.
5, 2969, 210361
List the prime factors of 250457615.
5, 6997, 7159
List the prime factors of 3636743827.
31, 117314317
What are the prime factors of 31653867?
3, 7, 19, 79333
List the prime factors of 113846543.
8171, 13933
What are the prime factors of 1081224105?
3, 5, 13, 1753, 3163
What are the prime factors of 715950?
2, 3, 5, 37, 43
List the prime factors of 5567606.
2, 11, 97, 2609
What are the prime factors of 3956611221?
3, 439623469
List the prime factors of 110089417.
43, 2560219
List the prime factors of 362550261.
3, 1373, 88019
List the prime factors of 216684796.
2, 5591, 9689
List the prime factors of 221878283.
11, 20170753
What are the prime factors of 206594944?
2, 1614023
List the prime factors of 112185458.
2, 7, 11, 728477
What are the prime factors of 56602124?
2, 14150531
List the prime factors of 35982633.
3, 11994211
List the prime factors of 2965067489.
103, 4703, 6121
List the prime factors of 104590876.
2, 13, 2011363
What are the prime factors of 2089150521?
3, 696383507
List the prime factors of 2401467624.
2, 3, 233, 257, 557
List the prime factors of 2077226851.
7, 19, 822013
List the prime factors of 1563288923.
7, 13879, 16091
What are the prime factors of 70151175?
3, 5, 73, 4271
List the prime factors of 3067591675.
5, 4283, 28649
List the prime factors of 1617550989.
3, 1459, 369557
What are the prime factors of 124023487?
7, 59, 300299
List the prime factors of 1110930702.
2, 3, 7, 26450731
What are the prime factors of 9399610736?
2, 587475671
List the prime factors of 849343037.
101, 631, 13327
List the prime factors of 349081900.
2, 5, 3490819
List the prime factors of 779674804.
2, 19, 37, 14593
What are the prime factors of 178548476?
2, 29, 1539211
List the prime factors of 71276596.
2, 929, 19181
What are the prime factors of 3177560137?
3177560137
What are the prime factors of 55413450?
2, 3, 5, 41047
What are the prime factors of 1277843351?
41, 31166911
What are the prime factors of 29609304?
2, 3, 1233721
List the prime factors of 106832815.
5, 23, 449, 2069
List the prime factors of 3231007543.
1693, 1908451
List the prime factors of 23644706.
2, 101, 117053
List the prime factors of 4424236268.
2, 53, 947, 22037
What are the prime factors of 2070948560?
2, 5, 67, 386371
List the prime factors of 305934777.
3, 33992753
List the prime factors of 145732349.
7, 331, 62897
List the prime factors of 1290145410.
2, 3, 5, 19, 39709
What are the prime factors of 794282262?
2, 3, 17, 7787081
List the prime factors of 178798899.
3, 59599633
What are the prime factors of 145599715?
5, 31, 107, 8779
What are the prime factors of 299658499?
7, 42808357
What are the prime factors of 12526925?
5, 501077
What are the prime factors of 103019038?
2, 239, 215521
List the prime factors of 11764517.
29, 509, 797
List the prime factors of 1578899414.
2, 789449707
List the prime factors of 652274050.
2, 5, 13045481
What are the prime factors of 389298318?
2, 3, 64883053
What are the prime factors of 77378217?
3, 7, 3684677
What are the prime factors of 79820776?
2, 7, 1425371
What are the prime factors of 5881343491?
5881343491
List the prime factors of 2494580095.
5, 7, 3229, 22073
What are the prime factors of 65102848?
2, 63577
List the prime factors of 68628860.
2, 5, 43, 79801
List the prime factors of 39860065.
5, 7, 29, 173, 227
What are the prime factors of 208402539?
3, 251, 276763
List the prime factors of 87037480.
2, 5, 19, 71, 1613
List the prime factors of 40559019.
3, 43, 59, 73
What are the prime factors of 32562921?
3, 10854307
What are the prime factors of 3159532538?
2, 1579766269
What are the prime factors of 955145726?
2, 149, 317, 10111
List the prime factors of 114926577.
3, 38308859
What are the prime factors of 811856121?
3, 199, 347, 3919
List the prime factors of 121030724.
2, 43, 101, 6967
List the prime factors of 97662198.
2, 3, 29, 561277
List the prime factors of 662937168.
2, 3, 17, 773, 1051
List the prime factors of 222879006.
2, 3, 7, 19, 31033
List the prime factors of 744530771.
131, 523, 10867
List the prime factors of 1339335096.
2, 3, 11, 809, 6271
List the prime factors of 694222342.
2, 11, 19, 37, 44887
What are the prime factors of 54035156?
2, 7, 1929827
What are the prime factors of 409295748?
2, 3, 1579, 21601
List the prime factors of 26924761.
241, 111721
List the prime factors of 222476252.
2, 131, 424573
What are the prime factors of 637981820?
2, 5, 7, 23, 239, 829
List the prime factors of 119088936.
2, 3, 1654013
List the prime factors of 64869198.
2, 3, 43, 251431
What are the prime factors of 1534799619?
3, 67, 1447, 1759
What are the prime factors of 72770340?
2, 3, 5, 1212839
What are the prime factors of 971138489?
97, 197, 50821
What are the prime factors of 5778596904?
2, 3, 1637, 147083
List the prime factors of 282055879.
7, 40293697
What are the prime factors of 4539000058?
2, 33403, 67943
What are the prime factors of 11804696?
2, 1475587
What are the prime factors of 266899504?
2, 41, 406859
List the prime factors of 65623379.
1231, 53309
List the prime factors of 8569894190.
2, 5, 11, 13, 5992933
List the prime factors of 184053372.
2, 3, 29, 167, 3167
What are the prime factors of 35973156?
2, 3, 17, 19, 9281
What are the prime factors of 389826983?
7, 13, 17, 59, 4271
List the prime factors of 271007217.
3, 13, 17, 47, 223
What are the prime factors of 1494358782?
2, 3, 7, 31, 113, 1451
What are the prime factors of 34503757?
34503757
List the prime factors of 3374420328.
2, 3, 73, 642013
List the prime factors of 124564438.
2, 1889, 32971
List the prime factors of 75926927.
157, 483611
What are the prime factors of 154256045?
5, 17, 1814777
List the prime factors of 172253613.
3, 7, 613, 13381
What are the prime factors of 339471241?
339471241
List the prime factors of 50560060.
2, 5, 2528003
What are the prime factors of 188798159?
11, 71, 241739
List the prime factors of 384989765.
5, 421, 182893
What are the prime factors of 89460759?
3, 19, 1569487
List the prime factors of 319581704.
2, 13, 236377
What are the prime factors of 11258972?
2, 2814743
List the prime factors of 102056919.
3, 1907, 17839
What are the prime factors of 5588843706?
2, 3, 310491317
List the prime factors of 82357420.
2, 5, 101, 40771
List the prime factors of 959234884.
2, 43, 107, 52121
List the prime factors of 29866731.
3, 9955577
List the prime factors of 602359825.
5, 24094393
What are the prime factors of 106734297?
3, 29, 1226831
List the prime factors of 166104810.
2, 3, 5, 269, 2287
List the prime factors of 32224314.
2, 3, 31, 173249
List the prime factors of 495624435.
3, 5, 31, 37, 28807
List the prime factors of 322323681.
3, 107441227
What are the prime factors of 1309827181?
13, 97, 1038721
What are the prime factors of 4586815?
5, 917363
What are the prime factors of 116427217?
116427217
What are the prime factors of 3638903248?
2, 227431453
List the pri